{"id":48286,"date":"2021-04-01T14:49:07","date_gmt":"2021-04-01T14:49:07","guid":{"rendered":"https:\/\/www.digirocks.fr\/talents\/chef-de-projet-digital-paris-6216a5de388638d303393234\/"},"modified":"2021-04-01T14:49:07","modified_gmt":"2021-04-01T14:49:07","slug":"chef-de-projet-digital-paris-6216a5de388638d303393234","status":"publish","type":"talents","link":"https:\/\/www.digirocks.fr\/en\/talents\/chef-de-projet-digital-paris-6216a5de388638d303393234\/","title":{"rendered":"CHEF DE PROJET DIGITAL Paris"},"content":{"rendered":"<p><strong>REF :<\/strong> 62e05036d39dd5471a7cb194<\/p>\n<p>Je recherche un emploi de CHEF DE PROJET DIGITAL id\u00e9alement \u00e0 Paris, mes pr\u00e9tentions salariales sont de 35000 \u20ac\/an<\/p>\n<p>Mes comp\u00e9tences sont :<\/p>\n<p>Product Management<\/p>\n<p>Agile<\/p>\n<p>Langues : Anglais courant<\/p>\n<p>Pub : Programmatique<\/p>\n<p>Le Rocker ou la rockeuse qui m&#8217;accompagne est Anne-Sophie JARRIGE Sp\u00e9cialiste des recrutement CHEF DE PROJET DIGITAL<\/p>\n","protected":false},"featured_media":0,"template":"","talents":[177],"class_list":["post-48286","talents","type-talents","status-publish","hentry","talents-chef-de-projet-digital"],"acf":[],"_links":{"self":[{"href":"https:\/\/www.digirocks.fr\/en\/wp-json\/wp\/v2\/talents\/48286"}],"collection":[{"href":"https:\/\/www.digirocks.fr\/en\/wp-json\/wp\/v2\/talents"}],"about":[{"href":"https:\/\/www.digirocks.fr\/en\/wp-json\/wp\/v2\/types\/talents"}],"version-history":[{"count":0,"href":"https:\/\/www.digirocks.fr\/en\/wp-json\/wp\/v2\/talents\/48286\/revisions"}],"wp:attachment":[{"href":"https:\/\/www.digirocks.fr\/en\/wp-json\/wp\/v2\/media?parent=48286"}],"wp:term":[{"taxonomy":"talents","embeddable":true,"href":"https:\/\/www.digirocks.fr\/en\/wp-json\/wp\/v2\/talents?post=48286"}],"curies":[{"name":"wp","href":"https:\/\/api.w.org\/{rel}","templated":true}]}}

<p><strong>REF :</strong> 62e05036d39dd5471a7cb194</p>
<p>Je recherche un emploi de CHEF DE PROJET DIGITAL idéalement à Paris, mes prétentions salariales sont de 35000 €/an</p>
<p>Mes compétences sont :</p>
<p>Product Management</p>
<p>Agile</p>
<p>Langues : Anglais courant</p>
<p>Pub : Programmatique</p>
<p>Le Rocker ou la rockeuse qui m&#8217;accompagne est Anne-Sophie JARRIGE Spécialiste des recrutement CHEF DE PROJET DIGITAL</p>
