{"id":48375,"date":"2021-03-25T10:09:46","date_gmt":"2021-03-25T10:09:46","guid":{"rendered":"https:\/\/www.digirocks.fr\/talents\/chef-de-projet-digital-strasbourg-6216a5e1388638d303397a8b\/"},"modified":"2021-03-25T10:09:46","modified_gmt":"2021-03-25T10:09:46","slug":"chef-de-projet-digital-strasbourg-6216a5e1388638d303397a8b","status":"publish","type":"talents","link":"https:\/\/www.digirocks.fr\/en\/talents\/chef-de-projet-digital-strasbourg-6216a5e1388638d303397a8b\/","title":{"rendered":"CHEF DE PROJET DIGITAL Strasbourg"},"content":{"rendered":"<p><strong>REF :<\/strong> 62e05036d39dd5471a7cb173<\/p>\n<p>Je recherche un emploi de CHEF DE PROJET DIGITAL id\u00e9alement \u00e0 Strasbourg, mes pr\u00e9tentions salariales sont de 25000 \u20ac\/an<\/p>\n<p>Mes comp\u00e9tences sont :<\/p>\n<p>Soft Data : Google Analytics<\/p>\n<p>Gestion de projet<\/p>\n<p>pour : sites eCommerce<\/p>\n<p>CMS eCommerce : Prestashop<\/p>\n<p>CMS : Drupal<\/p>\n<p>M, 27 ans, dipl\u00f4m\u00e9 de l&#8217;EM Strasbourg Business School, 1 an d&#8217;exp\u00e9rience en tant<br \/>\nque Chef de projet digital en agence. Polyvalent, il g\u00e8re plusieurs projets<br \/>\nactuellement dont 1 site eCommerce et un site vitrine. Bonne connaissance des<br \/>\nCMS Drupal, Prestashop et WordPress.  Organis\u00e9, souriant  Film pr\u00e9f\u00e9r\u00e9 :<br \/>\nInterstellar<\/p>\n<p>Le Rocker ou la rockeuse qui m&#8217;accompagne est Nathalie MANGIN COLLAS Sp\u00e9cialiste des recrutement CHEF DE PROJET DIGITAL<\/p>\n","protected":false},"featured_media":0,"template":"","talents":[177],"class_list":["post-48375","talents","type-talents","status-publish","hentry","talents-chef-de-projet-digital"],"acf":[],"_links":{"self":[{"href":"https:\/\/www.digirocks.fr\/en\/wp-json\/wp\/v2\/talents\/48375"}],"collection":[{"href":"https:\/\/www.digirocks.fr\/en\/wp-json\/wp\/v2\/talents"}],"about":[{"href":"https:\/\/www.digirocks.fr\/en\/wp-json\/wp\/v2\/types\/talents"}],"version-history":[{"count":0,"href":"https:\/\/www.digirocks.fr\/en\/wp-json\/wp\/v2\/talents\/48375\/revisions"}],"wp:attachment":[{"href":"https:\/\/www.digirocks.fr\/en\/wp-json\/wp\/v2\/media?parent=48375"}],"wp:term":[{"taxonomy":"talents","embeddable":true,"href":"https:\/\/www.digirocks.fr\/en\/wp-json\/wp\/v2\/talents?post=48375"}],"curies":[{"name":"wp","href":"https:\/\/api.w.org\/{rel}","templated":true}]}}

<p><strong>REF :</strong> 62e05036d39dd5471a7cb173</p>
<p>Je recherche un emploi de CHEF DE PROJET DIGITAL idéalement à Strasbourg, mes prétentions salariales sont de 25000 €/an</p>
<p>Mes compétences sont :</p>
<p>Soft Data : Google Analytics</p>
<p>Gestion de projet</p>
<p>pour : sites eCommerce</p>
<p>CMS eCommerce : Prestashop</p>
<p>CMS : Drupal</p>
<p>M, 27 ans, diplômé de l&#8217;EM Strasbourg Business School, 1 an d&#8217;expérience en tant<br />
que Chef de projet digital en agence. Polyvalent, il gère plusieurs projets<br />
actuellement dont 1 site eCommerce et un site vitrine. Bonne connaissance des<br />
CMS Drupal, Prestashop et WordPress.  Organisé, souriant  Film préféré :<br />
Interstellar</p>
<p>Le Rocker ou la rockeuse qui m&#8217;accompagne est Nathalie MANGIN COLLAS Spécialiste des recrutement CHEF DE PROJET DIGITAL</p>
