{"id":48393,"date":"2021-02-23T18:21:18","date_gmt":"2021-02-23T18:21:18","guid":{"rendered":"https:\/\/www.digirocks.fr\/talents\/social-media-manager-morlaix-6216a5e1388638d3033987b3\/"},"modified":"2021-02-23T18:21:18","modified_gmt":"2021-02-23T18:21:18","slug":"social-media-manager-morlaix-6216a5e1388638d3033987b3","status":"publish","type":"talents","link":"https:\/\/www.digirocks.fr\/en\/talents\/social-media-manager-morlaix-6216a5e1388638d3033987b3\/","title":{"rendered":"SOCIAL MEDIA MANAGER Morlaix"},"content":{"rendered":"<p><strong>REF :<\/strong> 62e05036d39dd5471a7cb167<\/p>\n<p>Je recherche un emploi de SOCIAL MEDIA MANAGER id\u00e9alement \u00e0 Morlaix, mes pr\u00e9tentions salariales sont de 29000 \u20ac\/an<\/p>\n<p>Mes comp\u00e9tences sont :<\/p>\n<p>Content : R\u00e9daction<\/p>\n<p>Expertise : Community Management<\/p>\n<p>Social Media<\/p>\n<p>Reporting<\/p>\n<p>Le Rocker ou la rockeuse qui m&#8217;accompagne est Jean-Patrick Manzoni Sp\u00e9cialiste des recrutement SOCIAL MEDIA MANAGER<\/p>\n","protected":false},"featured_media":0,"template":"","talents":[183],"class_list":["post-48393","talents","type-talents","status-publish","hentry","talents-social-media-manager"],"acf":[],"_links":{"self":[{"href":"https:\/\/www.digirocks.fr\/en\/wp-json\/wp\/v2\/talents\/48393"}],"collection":[{"href":"https:\/\/www.digirocks.fr\/en\/wp-json\/wp\/v2\/talents"}],"about":[{"href":"https:\/\/www.digirocks.fr\/en\/wp-json\/wp\/v2\/types\/talents"}],"version-history":[{"count":0,"href":"https:\/\/www.digirocks.fr\/en\/wp-json\/wp\/v2\/talents\/48393\/revisions"}],"wp:attachment":[{"href":"https:\/\/www.digirocks.fr\/en\/wp-json\/wp\/v2\/media?parent=48393"}],"wp:term":[{"taxonomy":"talents","embeddable":true,"href":"https:\/\/www.digirocks.fr\/en\/wp-json\/wp\/v2\/talents?post=48393"}],"curies":[{"name":"wp","href":"https:\/\/api.w.org\/{rel}","templated":true}]}}

<p><strong>REF :</strong> 62e05036d39dd5471a7cb167</p>
<p>Je recherche un emploi de SOCIAL MEDIA MANAGER idéalement à Morlaix, mes prétentions salariales sont de 29000 €/an</p>
<p>Mes compétences sont :</p>
<p>Content : Rédaction</p>
<p>Expertise : Community Management</p>
<p>Social Media</p>
<p>Reporting</p>
<p>Le Rocker ou la rockeuse qui m&#8217;accompagne est Jean-Patrick Manzoni Spécialiste des recrutement SOCIAL MEDIA MANAGER</p>
