{"id":49121,"date":"2020-11-11T21:37:56","date_gmt":"2020-11-11T21:37:56","guid":{"rendered":"https:\/\/www.digirocks.fr\/talents\/responsable-communication-paris-6216a60a388638d3033cf338\/"},"modified":"2020-11-11T21:37:56","modified_gmt":"2020-11-11T21:37:56","slug":"responsable-communication-paris-6216a60a388638d3033cf338","status":"publish","type":"talents","link":"https:\/\/www.digirocks.fr\/en\/talents\/responsable-communication-paris-6216a60a388638d3033cf338\/","title":{"rendered":"RESPONSABLE COMMUNICATION Paris"},"content":{"rendered":"<p><strong>REF :<\/strong> 62e05036d39dd5471a7cb140<\/p>\n<p>Je recherche un emploi de RESPONSABLE COMMUNICATION id\u00e9alement \u00e0 Paris, mes pr\u00e9tentions salariales sont de 65000 \u20ac\/an<\/p>\n<p>Mes comp\u00e9tences sont :<\/p>\n<p>CRM<\/p>\n<p>Traffic : Google Ads<\/p>\n<p>Langues : Anglais courant<\/p>\n<p>Team : Management < 5p\n\nSocial Media\n\nM, 32 ans, dipl\u00f4m\u00e9 d'un Master en Communication de l'ISEFAC, a 8 ans d'exp\u00e9rience en marketing et communication digitale \u00e0 la Soci\u00e9t\u00e9 G\u00e9n\u00e9rale en B2B.\n   Savoir-\u00eatre : Dynamique, fin, smart, structur\u00e9, cr\u00e9atif, passionn\u00e9 par l'innovation, proactif\n  Film pr\u00e9f\u00e9r\u00e9 :Eternal Sunshine of the Spotless Mind\n\nLe Rocker ou la rockeuse qui m'accompagne est Emilie DUMAS Sp\u00e9cialiste des recrutement RESPONSABLE COMMUNICATION\n<\/p>\n","protected":false},"featured_media":0,"template":"","talents":[182],"class_list":["post-49121","talents","type-talents","status-publish","hentry","talents-responsable-communication"],"acf":[],"_links":{"self":[{"href":"https:\/\/www.digirocks.fr\/en\/wp-json\/wp\/v2\/talents\/49121"}],"collection":[{"href":"https:\/\/www.digirocks.fr\/en\/wp-json\/wp\/v2\/talents"}],"about":[{"href":"https:\/\/www.digirocks.fr\/en\/wp-json\/wp\/v2\/types\/talents"}],"version-history":[{"count":0,"href":"https:\/\/www.digirocks.fr\/en\/wp-json\/wp\/v2\/talents\/49121\/revisions"}],"wp:attachment":[{"href":"https:\/\/www.digirocks.fr\/en\/wp-json\/wp\/v2\/media?parent=49121"}],"wp:term":[{"taxonomy":"talents","embeddable":true,"href":"https:\/\/www.digirocks.fr\/en\/wp-json\/wp\/v2\/talents?post=49121"}],"curies":[{"name":"wp","href":"https:\/\/api.w.org\/{rel}","templated":true}]}}

<p><strong>REF :</strong> 62e05036d39dd5471a7cb140</p>
<p>Je recherche un emploi de RESPONSABLE COMMUNICATION idéalement à Paris, mes prétentions salariales sont de 65000 €/an</p>
<p>Mes compétences sont :</p>
<p>CRM</p>
<p>Traffic : Google Ads</p>
<p>Langues : Anglais courant</p>
<p>Team : Management < 5p

Social Media

M, 32 ans, diplômé d'un Master en Communication de l'ISEFAC, a 8 ans d'expérience en marketing et communication digitale à la Société Générale en B2B.
   Savoir-être : Dynamique, fin, smart, structuré, créatif, passionné par l'innovation, proactif
  Film préféré :Eternal Sunshine of the Spotless Mind

Le Rocker ou la rockeuse qui m'accompagne est Emilie DUMAS Spécialiste des recrutement RESPONSABLE COMMUNICATION
</p>
