{"id":49223,"date":"2023-05-12T14:11:05","date_gmt":"2023-05-12T14:11:05","guid":{"rendered":"https:\/\/www.digirocks.fr\/talents\/chef-de-projet-digital-lyon-6216a610388638d3033d8595\/"},"modified":"2023-05-12T14:11:05","modified_gmt":"2023-05-12T14:11:05","slug":"digital-project-manager-lyon-6216a610388638d3033d8595","status":"publish","type":"talents","link":"https:\/\/www.digirocks.fr\/en\/talents\/digital-project-manager-lyon-6216a610388638d3033d8595\/","title":{"rendered":"CHEF DE PROJET DIGITAL Lyon"},"content":{"rendered":"<p><strong>REF :<\/strong> 62e05036d39dd5471a7cb131<\/p>\n<p>Je recherche un emploi de CHEF DE PROJET DIGITAL id\u00e9alement \u00e0 Lyon, mes pr\u00e9tentions salariales sont de 37000 \u20ac\/an<\/p>\n<p>Mes comp\u00e9tences sont :<\/p>\n<p>Gestion de projet<\/p>\n<p>Langues : Anglais courant<\/p>\n<p>CHEF DE PROJET DIGITAL  37k, disponible imm\u00e9diatement \u00e0 #Lyon. L., 25 ans,<br \/>\ndipl\u00f4m\u00e9e d&#8217;un master en management strat\u00e9gique. 5 ans d&#8217;exp\u00e9rience<br \/>\nprofessionnelle en alternance dont 3 ans en tant que Charg\u00e9e de projets<br \/>\ntransformation digitale. Souhaite travailler sur les sujets de transformation<br \/>\ndigitale, conduite du changement ou exp\u00e9rience employ\u00e9, \u00e0 Lyon et environs.<br \/>\n grande maturit\u00e9, humble, excellent relationnel  Grande fan de documentaires<br \/>\nscientifiques<\/p>\n<p>Le Rocker ou la rockeuse qui m&#8217;accompagne est Jean-Philippe CLUSET Sp\u00e9cialiste des recrutement CHEF DE PROJET DIGITAL<\/p>\n","protected":false},"featured_media":0,"template":"","talents":[177],"class_list":["post-49223","talents","type-talents","status-publish","hentry","talents-chef-de-projet-digital"],"acf":[],"_links":{"self":[{"href":"https:\/\/www.digirocks.fr\/en\/wp-json\/wp\/v2\/talents\/49223"}],"collection":[{"href":"https:\/\/www.digirocks.fr\/en\/wp-json\/wp\/v2\/talents"}],"about":[{"href":"https:\/\/www.digirocks.fr\/en\/wp-json\/wp\/v2\/types\/talents"}],"version-history":[{"count":0,"href":"https:\/\/www.digirocks.fr\/en\/wp-json\/wp\/v2\/talents\/49223\/revisions"}],"wp:attachment":[{"href":"https:\/\/www.digirocks.fr\/en\/wp-json\/wp\/v2\/media?parent=49223"}],"wp:term":[{"taxonomy":"talents","embeddable":true,"href":"https:\/\/www.digirocks.fr\/en\/wp-json\/wp\/v2\/talents?post=49223"}],"curies":[{"name":"wp","href":"https:\/\/api.w.org\/{rel}","templated":true}]}}

<p><strong>REF :</strong> 62e05036d39dd5471a7cb131</p>
<p>Je recherche un emploi de CHEF DE PROJET DIGITAL idéalement à Lyon, mes prétentions salariales sont de 37000 €/an</p>
<p>Mes compétences sont :</p>
<p>Gestion de projet</p>
<p>Langues : Anglais courant</p>
<p>CHEF DE PROJET DIGITAL  37k, disponible immédiatement à #Lyon. L., 25 ans,<br />
diplômée d&#8217;un master en management stratégique. 5 ans d&#8217;expérience<br />
professionnelle en alternance dont 3 ans en tant que Chargée de projets<br />
transformation digitale. Souhaite travailler sur les sujets de transformation<br />
digitale, conduite du changement ou expérience employé, à Lyon et environs.<br />
 grande maturité, humble, excellent relationnel  Grande fan de documentaires<br />
scientifiques</p>
<p>Le Rocker ou la rockeuse qui m&#8217;accompagne est Jean-Philippe CLUSET Spécialiste des recrutement CHEF DE PROJET DIGITAL</p>
