{"id":51465,"date":"2020-04-23T10:59:14","date_gmt":"2020-04-23T10:59:14","guid":{"rendered":"https:\/\/www.digirocks.fr\/talents\/chef-de-projet-digital-paris-6216a6bf388638d3034df5a4\/"},"modified":"2020-04-23T10:59:14","modified_gmt":"2020-04-23T10:59:14","slug":"chef-de-projet-digital-paris-6216a6bf388638d3034df5a4","status":"publish","type":"talents","link":"https:\/\/www.digirocks.fr\/en\/talents\/chef-de-projet-digital-paris-6216a6bf388638d3034df5a4\/","title":{"rendered":"CHEF DE PROJET DIGITAL Paris"},"content":{"rendered":"<p><strong>REF :<\/strong> <\/p>\n<p>Je recherche un emploi de CHEF DE PROJET DIGITAL id\u00e9alement \u00e0 Paris, mes pr\u00e9tentions salariales sont de 40000 \u20ac\/an<\/p>\n<p>Mes comp\u00e9tences sont :<\/p>\n<p>Le Rocker ou la rockeuse qui m&#8217;accompagne est Emilie DUMAS Sp\u00e9cialiste des recrutement CHEF DE PROJET DIGITAL<\/p>\n","protected":false},"featured_media":0,"template":"","talents":[177],"class_list":["post-51465","talents","type-talents","status-publish","hentry","talents-chef-de-projet-digital"],"acf":[],"_links":{"self":[{"href":"https:\/\/www.digirocks.fr\/en\/wp-json\/wp\/v2\/talents\/51465"}],"collection":[{"href":"https:\/\/www.digirocks.fr\/en\/wp-json\/wp\/v2\/talents"}],"about":[{"href":"https:\/\/www.digirocks.fr\/en\/wp-json\/wp\/v2\/types\/talents"}],"version-history":[{"count":0,"href":"https:\/\/www.digirocks.fr\/en\/wp-json\/wp\/v2\/talents\/51465\/revisions"}],"wp:attachment":[{"href":"https:\/\/www.digirocks.fr\/en\/wp-json\/wp\/v2\/media?parent=51465"}],"wp:term":[{"taxonomy":"talents","embeddable":true,"href":"https:\/\/www.digirocks.fr\/en\/wp-json\/wp\/v2\/talents?post=51465"}],"curies":[{"name":"wp","href":"https:\/\/api.w.org\/{rel}","templated":true}]}}

<p><strong>REF :</strong> </p>
<p>Je recherche un emploi de CHEF DE PROJET DIGITAL idéalement à Paris, mes prétentions salariales sont de 40000 €/an</p>
<p>Mes compétences sont :</p>
<p>Le Rocker ou la rockeuse qui m&#8217;accompagne est Emilie DUMAS Spécialiste des recrutement CHEF DE PROJET DIGITAL</p>
