{"id":54988,"date":"2023-03-21T18:55:33","date_gmt":"2023-03-21T18:55:33","guid":{"rendered":"https:\/\/www.digirocks.fr\/talents\/chef-de-projet-si-cloud-clermont-ferrand-6418d9545d43c8ff3265ae38\/"},"modified":"2023-03-21T18:55:33","modified_gmt":"2023-03-21T18:55:33","slug":"chef-de-projet-si-cloud-clermont-ferrand-6418d9545d43c8ff3265ae38","status":"publish","type":"talents","link":"https:\/\/www.digirocks.fr\/en\/talents\/chef-de-projet-si-cloud-clermont-ferrand-6418d9545d43c8ff3265ae38\/","title":{"rendered":"CHEF DE PROJET SI \/ CLOUD Clermont-Ferrand"},"content":{"rendered":"<p><strong>REF :<\/strong> 62e05036d39dd5471a7cb2af<\/p>\n<p>Je recherche un emploi de CHEF DE PROJET SI \/ CLOUD id\u00e9alement \u00e0 Clermont-Ferrand, mes pr\u00e9tentions salariales sont de 0 \u20ac\/an<\/p>\n<p>Mes comp\u00e9tences sont :<\/p>\n<p>Langues : Anglais courant<\/p>\n<p>Gestion de projet<\/p>\n<p>Specs Fonctionnelles<\/p>\n<p>Conseil : Change Management<\/p>\n<p>Data : Business Intelligence (BI)<\/p>\n<p>C, 27 ans, dipl\u00f4m\u00e9e de l&#8217;Institut Mines T\u00e9l\u00e9com Business School en Management digital des Ressources Humaines, 5 ans d&#8217;exp\u00e9rience en SIRH dont 3 ans en tant qu&#8217;administratrice SIRH d&#8217;un ATS et r\u00e9f\u00e9rente Marque Employeur Recrutement et 2 ans en gestion de projets SIRH International, anglais courant.  Ses expertises : la business analyse et le recueil des besoins, la gestion de projet, le d\u00e9ploiement et l&#8217;administration de SIRH Avec une forte dimension accompagnement du changement. Elle a d\u00e9j\u00e0 g\u00e9r\u00e9 des projets SIRH \u00e0 +800k \u20ac et une 20aine de prestataires en direct.<\/p>\n<p>  Savoir-\u00eatre : smart, p\u00e9dagogue, \u00e0 l&#8217;\u00e9coute<\/p>\n<p>  Film pr\u00e9f\u00e9r\u00e9 : La Cit\u00e9 de la Peur<\/p>\n<p>Le Rocker ou la rockeuse qui m&#8217;accompagne est Anne-Sophie JARRIGE Sp\u00e9cialiste des recrutement CHEF DE PROJET SI \/ CLOUD<\/p>\n","protected":false},"featured_media":0,"template":"","talents":[253],"class_list":["post-54988","talents","type-talents","status-publish","hentry","talents-chef-de-projet-si-cloud"],"acf":[],"_links":{"self":[{"href":"https:\/\/www.digirocks.fr\/en\/wp-json\/wp\/v2\/talents\/54988"}],"collection":[{"href":"https:\/\/www.digirocks.fr\/en\/wp-json\/wp\/v2\/talents"}],"about":[{"href":"https:\/\/www.digirocks.fr\/en\/wp-json\/wp\/v2\/types\/talents"}],"version-history":[{"count":0,"href":"https:\/\/www.digirocks.fr\/en\/wp-json\/wp\/v2\/talents\/54988\/revisions"}],"wp:attachment":[{"href":"https:\/\/www.digirocks.fr\/en\/wp-json\/wp\/v2\/media?parent=54988"}],"wp:term":[{"taxonomy":"talents","embeddable":true,"href":"https:\/\/www.digirocks.fr\/en\/wp-json\/wp\/v2\/talents?post=54988"}],"curies":[{"name":"wp","href":"https:\/\/api.w.org\/{rel}","templated":true}]}}

<p><strong>REF :</strong> 62e05036d39dd5471a7cb2af</p>
<p>Je recherche un emploi de CHEF DE PROJET SI / CLOUD idéalement à Clermont-Ferrand, mes prétentions salariales sont de 0 €/an</p>
<p>Mes compétences sont :</p>
<p>Langues : Anglais courant</p>
<p>Gestion de projet</p>
<p>Specs Fonctionnelles</p>
<p>Conseil : Change Management</p>
<p>Data : Business Intelligence (BI)</p>
<p>C, 27 ans, diplômée de l&#8217;Institut Mines Télécom Business School en Management digital des Ressources Humaines, 5 ans d&#8217;expérience en SIRH dont 3 ans en tant qu&#8217;administratrice SIRH d&#8217;un ATS et référente Marque Employeur Recrutement et 2 ans en gestion de projets SIRH International, anglais courant.  Ses expertises : la business analyse et le recueil des besoins, la gestion de projet, le déploiement et l&#8217;administration de SIRH Avec une forte dimension accompagnement du changement. Elle a déjà géré des projets SIRH à +800k € et une 20aine de prestataires en direct.</p>
<p>  Savoir-être : smart, pédagogue, à l&#8217;écoute</p>
<p>  Film préféré : La Cité de la Peur</p>
<p>Le Rocker ou la rockeuse qui m&#8217;accompagne est Anne-Sophie JARRIGE Spécialiste des recrutement CHEF DE PROJET SI / CLOUD</p>
